{"id":399,"date":"2026-01-02T17:34:12","date_gmt":"2026-01-02T17:34:12","guid":{"rendered":"https:\/\/faistesbagages.com\/?page_id=399"},"modified":"2026-01-02T18:18:47","modified_gmt":"2026-01-02T18:18:47","slug":"mentions-legales","status":"publish","type":"page","link":"https:\/\/faistesbagages.com\/index.php\/mentions-legales\/","title":{"rendered":"Mentions L\u00e9gales"},"content":{"rendered":"\t\t<div data-elementor-type=\"wp-page\" data-elementor-id=\"399\" class=\"elementor elementor-399\" data-elementor-post-type=\"page\">\n\t\t\t\t<div class=\"elementor-element elementor-element-8c263b1 e-flex e-con-boxed e-con e-parent\" data-id=\"8c263b1\" data-element_type=\"container\" data-settings=\"{&quot;background_background&quot;:&quot;classic&quot;}\">\n\t\t\t\t\t<div class=\"e-con-inner\">\n\t\t<div class=\"elementor-element elementor-element-f5bb2f4 e-con-full e-flex e-con e-child\" data-id=\"f5bb2f4\" data-element_type=\"container\" data-settings=\"{&quot;background_background&quot;:&quot;classic&quot;}\">\n\t\t\t\t<div class=\"elementor-element elementor-element-524dfa7 elementor-widget elementor-widget-heading\" data-id=\"524dfa7\" data-element_type=\"widget\" data-widget_type=\"heading.default\">\n\t\t\t\t\t<h2 class=\"elementor-heading-title elementor-size-default\">Mentions L\u00e9gales<\/h2>\t\t\t\t<\/div>\n\t\t\t\t<div class=\"elementor-element elementor-element-01c7a1d elementor-widget elementor-widget-text-editor\" data-id=\"01c7a1d\" data-element_type=\"widget\" data-widget_type=\"text-editor.default\">\n\t\t\t\t\t\t\t\t\t<p>Vous trouverez ci-dessous les mentions l\u00e9gales relatives au site faistesbagages.com (ci-apr\u00e8s d\u00e9sign\u00e9 \u201cSite\u201d).<\/p><p>\u00c9dition<\/p><p>Le Site est \u00e9dit\u00e9 par l\u2019entreprise individuelle Bastien aussi d\u00e9sign\u00e9e sous son nom commercial Fais Tes<br \/>Bagages, situ\u00e9e au 7 Rue des Treilles, 84130 Le Pontet et immatricul\u00e9e sous le n\u00b0 de SIREN 940075542<br \/>Fais Tes Bagages est joignable<br \/>par t\u00e9l\u00e9phone au : 06.81.70.89.30<br \/>ou par email : Contact@faistesbagages.com<\/p><p>Direction de publication<\/p><p>Le\/La Directeur\/Directrice de publication est Fais Tes Babages, joignable aux coordonn\u00e9es pr\u00e9cit\u00e9es.<br \/>H\u00e9bergement a remplir<\/p><p>Le Site est h\u00e9berg\u00e9 par OVH, situ\u00e9e au 2, rue Kellermann, 59100 Roubaix, joignable<br \/>par t\u00e9l\u00e9phone au +33 9 72 10 10 07 ou par email \u00e0 <a href=\"https:\/\/www.ovhcloud.com\/fr\/contact\/\">https:\/\/www.ovhcloud.com\/fr\/contact\/<\/a><\/p><p>Propri\u00e9t\u00e9 intellectuelle<\/p><p>Le Site ainsi que tout le contenu relatif \u00e0 Fais Tes Bagages et ses services, rel\u00e8vent de la propri\u00e9t\u00e9<br \/>exclusive de l\u2019entreprise individuelle Bastien Rouquette.<br \/>Sous r\u00e9serve d\u2019une autorisation expresse de l\u2019\u00c9diteur, toute exploitation ou reproduction, qu\u2019elle soit<br \/>totale ou partielle, est strictement interdite, sous peine de sanctions civiles ou p\u00e9nales.<\/p><p>Cr\u00e9dits<\/p><p>Le Site a \u00e9t\u00e9 r\u00e9alis\u00e9 par Goodly Studio.<br \/>Les photographies pr\u00e9sentes sur le Site ont \u00e9t\u00e9s r\u00e9alis\u00e9es par Fais Tes Bagages et ne sont pas libres de<br \/>droits. Toute personne qui utilise ces photographies de mani\u00e8re frauduleuse s\u2019expose \u00e0 des sanctions<br \/>civiles et p\u00e9nales.<\/p><p>Donn\u00e9es personnelles<\/p><p>Des donn\u00e9es peuvent \u00eatre collect\u00e9es via le Site via les formulaires d\u00e9di\u00e9s. Fais Tes Bagages s\u2019engage \u00e0<br \/>ne collecter que ce qui est n\u00e9cessaire et \u00e0 traiter vos donn\u00e9es conform\u00e9ment au RGPD.<br \/>Pour en savoir plus sur l\u2019usage de vos donn\u00e9es et vos droits, vous pouvez consulter <a href=\"https:\/\/faistesbagages.com\/index.php\/cgv\/\">la Politique de confidentialit\u00e9.\u00a0<\/a><\/p><p>Lien hypertexte et contenus externes<\/p><p>Dans le cadre de l&rsquo;utilisation du Site, l&rsquo;utilisateur peut \u00eatre amen\u00e9 \u00e0 \u00eatre redirig\u00e9 via des liens hypertextes<br \/>vers d&rsquo;autres sites internet ou des contenus int\u00e9gr\u00e9s qui ne rel\u00e8vent pas de la responsabilit\u00e9 de Fais Tes<br \/>Bagages.<\/p><p>L\u2019utilisateur est donc invit\u00e9 \u00e0 se reporter aux conditions d\u2019utilisations de ces plateformes pour obtenir plus<br \/>d\u2019informations.<\/p><p>Cookies<\/p><p>Le Site utilise uniquement des cookies strictement n\u00e9cessaires \u00e0 son bon fonctionnement et ne<br \/>n\u00e9cessitent pas le consentement pr\u00e9alable de l\u2019utilisateur.<br \/>Pour plus d\u2019informations, veuillez consulter notre <a href=\"https:\/\/faistesbagages.com\/index.php\/cgv\/\">Politique de confidentialit\u00e9.<\/a><br \/><br \/><\/p>\t\t\t\t\t\t\t\t<\/div>\n\t\t\t\t<\/div>\n\t\t\t\t\t<\/div>\n\t\t\t\t<\/div>\n\t\t\t\t<\/div>\n\t\t","protected":false},"excerpt":{"rendered":"<p>Mentions L\u00e9gales Vous trouverez ci-dessous les mentions l\u00e9gales relatives au site faistesbagages.com (ci-apr\u00e8s d\u00e9sign\u00e9 \u201cSite\u201d). \u00c9dition Le Site est \u00e9dit\u00e9 par l\u2019entreprise individuelle Bastien aussi d\u00e9sign\u00e9e sous son nom commercial Fais TesBagages, situ\u00e9e au 7 Rue des Treilles, 84130 Le Pontet et immatricul\u00e9e sous le n\u00b0 de SIREN 940075542Fais Tes Bagages est joignablepar t\u00e9l\u00e9phone au [&hellip;]<\/p>\n","protected":false},"author":1,"featured_media":0,"parent":0,"menu_order":0,"comment_status":"closed","ping_status":"closed","template":"elementor_header_footer","meta":{"footnotes":""},"class_list":["post-399","page","type-page","status-publish","hentry"],"_links":{"self":[{"href":"https:\/\/faistesbagages.com\/index.php\/wp-json\/wp\/v2\/pages\/399","targetHints":{"allow":["GET"]}}],"collection":[{"href":"https:\/\/faistesbagages.com\/index.php\/wp-json\/wp\/v2\/pages"}],"about":[{"href":"https:\/\/faistesbagages.com\/index.php\/wp-json\/wp\/v2\/types\/page"}],"author":[{"embeddable":true,"href":"https:\/\/faistesbagages.com\/index.php\/wp-json\/wp\/v2\/users\/1"}],"replies":[{"embeddable":true,"href":"https:\/\/faistesbagages.com\/index.php\/wp-json\/wp\/v2\/comments?post=399"}],"version-history":[{"count":11,"href":"https:\/\/faistesbagages.com\/index.php\/wp-json\/wp\/v2\/pages\/399\/revisions"}],"predecessor-version":[{"id":426,"href":"https:\/\/faistesbagages.com\/index.php\/wp-json\/wp\/v2\/pages\/399\/revisions\/426"}],"wp:attachment":[{"href":"https:\/\/faistesbagages.com\/index.php\/wp-json\/wp\/v2\/media?parent=399"}],"curies":[{"name":"wp","href":"https:\/\/api.w.org\/{rel}","templated":true}]}}